{"id":2211,"date":"2021-09-28T18:01:01","date_gmt":"2021-09-28T16:01:01","guid":{"rendered":"https:\/\/www.ts-law.de\/career\/reno-fachangestellte-m-w-d\/"},"modified":"2021-09-28T18:01:01","modified_gmt":"2021-09-28T16:01:01","slug":"reno-fachangestellte-m-w-d","status":"publish","type":"page","link":"https:\/\/www.ts-law.de\/en\/career\/reno-fachangestellte-m-w-d\/","title":{"rendered":"ReNo-Fachangestellte (m\/w\/d)"},"content":{"rendered":"<div class=\"wpb-content-wrapper\"><p>[vc_row css_animation=&#8221;&#8221; row_type=&#8221;row&#8221; use_row_as_full_screen_section=&#8221;no&#8221; type=&#8221;grid&#8221; angled_section=&#8221;no&#8221; text_align=&#8221;left&#8221; background_image_as_pattern=&#8221;without_pattern&#8221; z_index=&#8221;&#8221; padding_bottom=&#8221;60&#8243; padding_top=&#8221;60&#8243;][vc_column][qode_elements_holder number_of_columns=&#8221;two_columns&#8221; columns_proportion=&#8221;66_33&#8243;][qode_elements_holder_item vertical_alignment=&#8221;top&#8221; horizontal_alignment=&#8221;left&#8221; advanced_animations=&#8221;no&#8221;][vc_column_text el_class=&#8221;news-kategorie-bottom&#8221;]<\/p>\n<h4>Recruitment<\/h4>\n<p>&nbsp;[\/vc_column_text][vc_column_text]<\/p>\n<h1>ReNo-Fachangestellte (m\/w\/d)<\/h1>\n<p>&nbsp;[\/vc_column_text][\/qode_elements_holder_item][qode_elements_holder_item vertical_alignment=&#8221;bottom&#8221; horizontal_alignment=&#8221;right&#8221; advanced_animations=&#8221;no&#8221; custom_class=&#8221;tsp-share-module&#8221;][vc_column_text]Share: [\/vc_column_text][vc_widget_sidebar sidebar_id=&#8221;Share Widget&#8221;][\/qode_elements_holder_item][\/qode_elements_holder][\/vc_column][\/vc_row][vc_row css_animation=&#8221;&#8221; row_type=&#8221;row&#8221; use_row_as_full_screen_section=&#8221;no&#8221; type=&#8221;full_width&#8221; angled_section=&#8221;no&#8221; text_align=&#8221;left&#8221; background_image_as_pattern=&#8221;without_pattern&#8221; z_index=&#8221;&#8221; padding_bottom=&#8221;16&#8243;][vc_column offset=&#8221;vc_col-lg-offset-3 vc_col-lg-6 vc_col-md-offset-3 vc_col-md-6&#8243;][vc_column_text]<\/p>\n<h4>Teil- oder Vollzeitt\u00e4tigkeit<\/h4>\n<p>&nbsp;[\/vc_column_text][\/vc_column][\/vc_row][vc_row css_animation=&#8221;&#8221; row_type=&#8221;row&#8221; use_row_as_full_screen_section=&#8221;no&#8221; type=&#8221;full_width&#8221; angled_section=&#8221;no&#8221; text_align=&#8221;left&#8221; background_image_as_pattern=&#8221;without_pattern&#8221; z_index=&#8221;&#8221; padding_bottom=&#8221;60&#8243;][vc_column offset=&#8221;vc_col-lg-offset-3 vc_col-lg-6 vc_col-md-offset-3 vc_col-md-6&#8243;][vc_column_text]F\u00fcr unseren attraktiven Standort in Berlin-Mitte suchen wir[\/vc_column_text][\/vc_column][\/vc_row][vc_row css_animation=&#8221;&#8221; row_type=&#8221;row&#8221; use_row_as_full_screen_section=&#8221;no&#8221; type=&#8221;full_width&#8221; angled_section=&#8221;no&#8221; text_align=&#8221;left&#8221; background_image_as_pattern=&#8221;without_pattern&#8221; z_index=&#8221;&#8221; padding_bottom=&#8221;16&#8243;][vc_column offset=&#8221;vc_col-lg-offset-3 vc_col-lg-6 vc_col-md-offset-3 vc_col-md-6&#8243;][vc_column_text]<\/p>\n<h4>Das wollen Sie<\/h4>\n<p>&nbsp;[\/vc_column_text][\/vc_column][\/vc_row][vc_row css_animation=&#8221;&#8221; row_type=&#8221;row&#8221; use_row_as_full_screen_section=&#8221;no&#8221; type=&#8221;full_width&#8221; angled_section=&#8221;no&#8221; text_align=&#8221;left&#8221; background_image_as_pattern=&#8221;without_pattern&#8221; z_index=&#8221;&#8221; padding_bottom=&#8221;60&#8243;][vc_column offset=&#8221;vc_col-lg-offset-3 vc_col-lg-6 vc_col-md-offset-3 vc_col-md-6&#8243;][vc_column_text]<\/p>\n<ul>\n<li>aktive Unterst\u00fctzung der Rechtsanw\u00e4lte<\/li>\n<li>Erstellen von Schrifts\u00e4tzen selbstst\u00e4ndig und nach Diktat<\/li>\n<li>Korrespondenz mit Mandanten und Gerichten<\/li>\n<li>Erstellen von Abrechnungen nach Stundensatz und RVG<\/li>\n<li>Terminkoordination und Reiseplanung<\/li>\n<li>selbstst\u00e4ndige Recherchen im Internet<\/li>\n<\/ul>\n<p>&nbsp;[\/vc_column_text][\/vc_column][\/vc_row][vc_row css_animation=&#8221;&#8221; row_type=&#8221;row&#8221; use_row_as_full_screen_section=&#8221;no&#8221; type=&#8221;full_width&#8221; angled_section=&#8221;no&#8221; text_align=&#8221;left&#8221; background_image_as_pattern=&#8221;without_pattern&#8221; z_index=&#8221;&#8221; padding_bottom=&#8221;16&#8243;][vc_column offset=&#8221;vc_col-lg-offset-3 vc_col-lg-6 vc_col-md-offset-3 vc_col-md-6&#8243;][vc_column_text]<\/p>\n<h4>Das sind Sie<\/h4>\n<p>&nbsp;[\/vc_column_text][\/vc_column][\/vc_row][vc_row css_animation=&#8221;&#8221; row_type=&#8221;row&#8221; use_row_as_full_screen_section=&#8221;no&#8221; type=&#8221;full_width&#8221; angled_section=&#8221;no&#8221; text_align=&#8221;left&#8221; background_image_as_pattern=&#8221;without_pattern&#8221; z_index=&#8221;&#8221; padding_bottom=&#8221;60&#8243;][vc_column offset=&#8221;vc_col-lg-offset-3 vc_col-lg-6 vc_col-md-offset-3 vc_col-md-6&#8243;][vc_column_text]<\/p>\n<ul>\n<li>Sie haben Ihre Ausbildung zur Rechtsanwalts- und Notarfachangestellten erfolgreich abgeschlossen<\/li>\n<li>Sie arbeiten gerne im Team<\/li>\n<li>Sie sind mit moderner EDV vertraut<\/li>\n<li>ein freundlicher und sicherer Umgang mit Mandanten, Beh\u00f6rden und Kollegen ist f\u00fcr Sie selbstverst\u00e4ndlich<\/li>\n<\/ul>\n<p>&nbsp;[\/vc_column_text][\/vc_column][\/vc_row][vc_row css_animation=&#8221;&#8221; row_type=&#8221;row&#8221; use_row_as_full_screen_section=&#8221;no&#8221; type=&#8221;full_width&#8221; angled_section=&#8221;no&#8221; text_align=&#8221;left&#8221; background_image_as_pattern=&#8221;without_pattern&#8221; z_index=&#8221;&#8221; padding_bottom=&#8221;16&#8243;][vc_column offset=&#8221;vc_col-lg-offset-3 vc_col-lg-6 vc_col-md-offset-3 vc_col-md-6&#8243;][vc_column_text]<\/p>\n<h4>Das bieten wir<\/h4>\n<p>&nbsp;[\/vc_column_text][\/vc_column][\/vc_row][vc_row css_animation=&#8221;&#8221; row_type=&#8221;row&#8221; use_row_as_full_screen_section=&#8221;no&#8221; type=&#8221;full_width&#8221; angled_section=&#8221;no&#8221; text_align=&#8221;left&#8221; background_image_as_pattern=&#8221;without_pattern&#8221; z_index=&#8221;&#8221; padding_bottom=&#8221;60&#8243;][vc_column offset=&#8221;vc_col-lg-offset-3 vc_col-lg-6 vc_col-md-offset-3 vc_col-md-6&#8243;][vc_column_text]<\/p>\n<ul>\n<li>T\u00e4tigkeit in einem kollegialen, freundlichen und engagierten Team<\/li>\n<li>offene Kommunikation, modernes Management und flache Hierarchien<\/li>\n<li>sehr angenehmes Arbeitsklima<\/li>\n<li>einen modernen Arbeitsplatz mitten in Berlin<\/li>\n<li>\u00fcbersichtliches, sehr gut strukturiertes B\u00fcro<\/li>\n<li>sehr gute \u00d6PNV-Anbindungen<\/li>\n<li>interessantes und abwechslungsreiches Aufgabengebiet<\/li>\n<li>fachliche Weiterbildung nach Interesse und Wunsch<\/li>\n<li>attraktive Verg\u00fctung mit Nebenleistungen<\/li>\n<li>Kindergartenzuschuss steuerfrei, bis zu 150 \u20ac\/Kind<\/li>\n<li>direkter Einfluss auf die kontinuierliche Verbesserung der Kanzleiabl\u00e4ufe<\/li>\n<\/ul>\n<p>&nbsp;[\/vc_column_text][\/vc_column][\/vc_row][vc_row css_animation=&#8221;&#8221; row_type=&#8221;row&#8221; use_row_as_full_screen_section=&#8221;no&#8221; type=&#8221;full_width&#8221; angled_section=&#8221;no&#8221; text_align=&#8221;left&#8221; background_image_as_pattern=&#8221;without_pattern&#8221;][vc_column]<div class=\"templatera_shortcode\"><div      class=\"vc_row wpb_row section vc_row-fluid \" style='background-color:#002458; padding-top:60px; padding-bottom:60px; text-align:center;'><div class=\" full_section_inner clearfix\"><div class=\"wpb_column vc_column_container vc_col-sm-12 vc_col-lg-offset-3 vc_col-lg-6 vc_col-md-offset-3 vc_col-md-6\"><div class=\"vc_column-inner\"><div class=\"wpb_wrapper\">\n\t<div class=\"wpb_text_column wpb_content_element \">\n\t\t<div class=\"wpb_wrapper\">\n\t\t\t<h3><span style=\"color: #ffffff;\">Bewerbung<\/span><\/h3>\n\n\t\t<\/div>\n\t<\/div><div class=\"vc_empty_space\"  style=\"height: 20px\" >\n\t<span class=\"vc_empty_space_inner\">\n\t\t<span class=\"empty_space_image\"  ><\/span>\n\t<\/span>\n<\/div>\n\t<div class=\"wpb_text_column wpb_content_element \">\n\t\t<div class=\"wpb_wrapper\">\n\t\t\t<p><span style=\"color: #ffffff;\">Werden Sie Mitglied unseres erfolgreichen Teams!<\/span><\/p>\n\n\t\t<\/div>\n\t<\/div><div class=\"vc_empty_space\"  style=\"height: 60px\" >\n\t<span class=\"vc_empty_space_inner\">\n\t\t<span class=\"empty_space_image\"  ><\/span>\n\t<\/span>\n<\/div><a  itemprop=\"url\" href=\"mailto:karriere@ts-law.de\" target=\"_self\"  class=\"qbutton  white default\" style=\"\">Jetzt bewerben<\/a><\/div><\/div><\/div><\/div><\/div><\/div>[\/vc_column][\/vc_row]<\/p>\n<\/div>","protected":false},"excerpt":{"rendered":"Recruitment &nbsp; ReNo-Fachangestellte (m\/w\/d) &nbsp; Share: Teil- oder Vollzeitt\u00e4tigkeit &nbsp; F\u00fcr unseren attraktiven Standort in Berlin-Mitte suchen wir Das wollen Sie &nbsp; aktive Unterst\u00fctzung der Rechtsanw\u00e4lte Erstellen von Schrifts\u00e4tzen selbstst\u00e4ndig und nach Diktat Korrespondenz mit Mandanten und Gerichten Erstellen von Abrechnungen nach Stundensatz und RVG...","protected":false},"author":541,"featured_media":0,"parent":2194,"menu_order":60,"comment_status":"closed","ping_status":"closed","template":"full_width.php","meta":{"_acf_changed":false,"footnotes":""},"categories":[78],"class_list":["post-2211","page","type-page","status-publish","hentry","category-karriere-en"],"acf":[],"_links":{"self":[{"href":"https:\/\/www.ts-law.de\/en\/wp-json\/wp\/v2\/pages\/2211","targetHints":{"allow":["GET"]}}],"collection":[{"href":"https:\/\/www.ts-law.de\/en\/wp-json\/wp\/v2\/pages"}],"about":[{"href":"https:\/\/www.ts-law.de\/en\/wp-json\/wp\/v2\/types\/page"}],"author":[{"embeddable":true,"href":"https:\/\/www.ts-law.de\/en\/wp-json\/wp\/v2\/users\/541"}],"replies":[{"embeddable":true,"href":"https:\/\/www.ts-law.de\/en\/wp-json\/wp\/v2\/comments?post=2211"}],"version-history":[{"count":0,"href":"https:\/\/www.ts-law.de\/en\/wp-json\/wp\/v2\/pages\/2211\/revisions"}],"up":[{"embeddable":true,"href":"https:\/\/www.ts-law.de\/en\/wp-json\/wp\/v2\/pages\/2194"}],"wp:attachment":[{"href":"https:\/\/www.ts-law.de\/en\/wp-json\/wp\/v2\/media?parent=2211"}],"wp:term":[{"taxonomy":"category","embeddable":true,"href":"https:\/\/www.ts-law.de\/en\/wp-json\/wp\/v2\/categories?post=2211"}],"curies":[{"name":"wp","href":"https:\/\/api.w.org\/{rel}","templated":true}]}}

<div class="wpb-content-wrapper"><p>[vc_row css_animation=&#8221;&#8221; row_type=&#8221;row&#8221; use_row_as_full_screen_section=&#8221;no&#8221; type=&#8221;grid&#8221; angled_section=&#8221;no&#8221; text_align=&#8221;left&#8221; background_image_as_pattern=&#8221;without_pattern&#8221; z_index=&#8221;&#8221; padding_bottom=&#8221;60&#8243; padding_top=&#8221;60&#8243;][vc_column][qode_elements_holder number_of_columns=&#8221;two_columns&#8221; columns_proportion=&#8221;66_33&#8243;][qode_elements_holder_item vertical_alignment=&#8221;top&#8221; horizontal_alignment=&#8221;left&#8221; advanced_animations=&#8221;no&#8221;][vc_column_text el_class=&#8221;news-kategorie-bottom&#8221;]</p>
<h4>Recruitment</h4>
<p>&nbsp;[/vc_column_text][vc_column_text]</p>
<h1>ReNo-Fachangestellte (m/w/d)</h1>
<p>&nbsp;[/vc_column_text][/qode_elements_holder_item][qode_elements_holder_item vertical_alignment=&#8221;bottom&#8221; horizontal_alignment=&#8221;right&#8221; advanced_animations=&#8221;no&#8221; custom_class=&#8221;tsp-share-module&#8221;][vc_column_text]Share: [/vc_column_text][vc_widget_sidebar sidebar_id=&#8221;Share Widget&#8221;][/qode_elements_holder_item][/qode_elements_holder][/vc_column][/vc_row][vc_row css_animation=&#8221;&#8221; row_type=&#8221;row&#8221; use_row_as_full_screen_section=&#8221;no&#8221; type=&#8221;full_width&#8221; angled_section=&#8221;no&#8221; text_align=&#8221;left&#8221; background_image_as_pattern=&#8221;without_pattern&#8221; z_index=&#8221;&#8221; padding_bottom=&#8221;16&#8243;][vc_column offset=&#8221;vc_col-lg-offset-3 vc_col-lg-6 vc_col-md-offset-3 vc_col-md-6&#8243;][vc_column_text]</p>
<h4>Teil- oder Vollzeittätigkeit</h4>
<p>&nbsp;[/vc_column_text][/vc_column][/vc_row][vc_row css_animation=&#8221;&#8221; row_type=&#8221;row&#8221; use_row_as_full_screen_section=&#8221;no&#8221; type=&#8221;full_width&#8221; angled_section=&#8221;no&#8221; text_align=&#8221;left&#8221; background_image_as_pattern=&#8221;without_pattern&#8221; z_index=&#8221;&#8221; padding_bottom=&#8221;60&#8243;][vc_column offset=&#8221;vc_col-lg-offset-3 vc_col-lg-6 vc_col-md-offset-3 vc_col-md-6&#8243;][vc_column_text]Für unseren attraktiven Standort in Berlin-Mitte suchen wir[/vc_column_text][/vc_column][/vc_row][vc_row css_animation=&#8221;&#8221; row_type=&#8221;row&#8221; use_row_as_full_screen_section=&#8221;no&#8221; type=&#8221;full_width&#8221; angled_section=&#8221;no&#8221; text_align=&#8221;left&#8221; background_image_as_pattern=&#8221;without_pattern&#8221; z_index=&#8221;&#8221; padding_bottom=&#8221;16&#8243;][vc_column offset=&#8221;vc_col-lg-offset-3 vc_col-lg-6 vc_col-md-offset-3 vc_col-md-6&#8243;][vc_column_text]</p>
<h4>Das wollen Sie</h4>
<p>&nbsp;[/vc_column_text][/vc_column][/vc_row][vc_row css_animation=&#8221;&#8221; row_type=&#8221;row&#8221; use_row_as_full_screen_section=&#8221;no&#8221; type=&#8221;full_width&#8221; angled_section=&#8221;no&#8221; text_align=&#8221;left&#8221; background_image_as_pattern=&#8221;without_pattern&#8221; z_index=&#8221;&#8221; padding_bottom=&#8221;60&#8243;][vc_column offset=&#8221;vc_col-lg-offset-3 vc_col-lg-6 vc_col-md-offset-3 vc_col-md-6&#8243;][vc_column_text]</p>
<ul>
<li>aktive Unterstützung der Rechtsanwälte</li>
<li>Erstellen von Schriftsätzen selbstständig und nach Diktat</li>
<li>Korrespondenz mit Mandanten und Gerichten</li>
<li>Erstellen von Abrechnungen nach Stundensatz und RVG</li>
<li>Terminkoordination und Reiseplanung</li>
<li>selbstständige Recherchen im Internet</li>
</ul>
<p>&nbsp;[/vc_column_text][/vc_column][/vc_row][vc_row css_animation=&#8221;&#8221; row_type=&#8221;row&#8221; use_row_as_full_screen_section=&#8221;no&#8221; type=&#8221;full_width&#8221; angled_section=&#8221;no&#8221; text_align=&#8221;left&#8221; background_image_as_pattern=&#8221;without_pattern&#8221; z_index=&#8221;&#8221; padding_bottom=&#8221;16&#8243;][vc_column offset=&#8221;vc_col-lg-offset-3 vc_col-lg-6 vc_col-md-offset-3 vc_col-md-6&#8243;][vc_column_text]</p>
<h4>Das sind Sie</h4>
<p>&nbsp;[/vc_column_text][/vc_column][/vc_row][vc_row css_animation=&#8221;&#8221; row_type=&#8221;row&#8221; use_row_as_full_screen_section=&#8221;no&#8221; type=&#8221;full_width&#8221; angled_section=&#8221;no&#8221; text_align=&#8221;left&#8221; background_image_as_pattern=&#8221;without_pattern&#8221; z_index=&#8221;&#8221; padding_bottom=&#8221;60&#8243;][vc_column offset=&#8221;vc_col-lg-offset-3 vc_col-lg-6 vc_col-md-offset-3 vc_col-md-6&#8243;][vc_column_text]</p>
<ul>
<li>Sie haben Ihre Ausbildung zur Rechtsanwalts- und Notarfachangestellten erfolgreich abgeschlossen</li>
<li>Sie arbeiten gerne im Team</li>
<li>Sie sind mit moderner EDV vertraut</li>
<li>ein freundlicher und sicherer Umgang mit Mandanten, Behörden und Kollegen ist für Sie selbstverständlich</li>
</ul>
<p>&nbsp;[/vc_column_text][/vc_column][/vc_row][vc_row css_animation=&#8221;&#8221; row_type=&#8221;row&#8221; use_row_as_full_screen_section=&#8221;no&#8221; type=&#8221;full_width&#8221; angled_section=&#8221;no&#8221; text_align=&#8221;left&#8221; background_image_as_pattern=&#8221;without_pattern&#8221; z_index=&#8221;&#8221; padding_bottom=&#8221;16&#8243;][vc_column offset=&#8221;vc_col-lg-offset-3 vc_col-lg-6 vc_col-md-offset-3 vc_col-md-6&#8243;][vc_column_text]</p>
<h4>Das bieten wir</h4>
<p>&nbsp;[/vc_column_text][/vc_column][/vc_row][vc_row css_animation=&#8221;&#8221; row_type=&#8221;row&#8221; use_row_as_full_screen_section=&#8221;no&#8221; type=&#8221;full_width&#8221; angled_section=&#8221;no&#8221; text_align=&#8221;left&#8221; background_image_as_pattern=&#8221;without_pattern&#8221; z_index=&#8221;&#8221; padding_bottom=&#8221;60&#8243;][vc_column offset=&#8221;vc_col-lg-offset-3 vc_col-lg-6 vc_col-md-offset-3 vc_col-md-6&#8243;][vc_column_text]</p>
<ul>
<li>Tätigkeit in einem kollegialen, freundlichen und engagierten Team</li>
<li>offene Kommunikation, modernes Management und flache Hierarchien</li>
<li>sehr angenehmes Arbeitsklima</li>
<li>einen modernen Arbeitsplatz mitten in Berlin</li>
<li>übersichtliches, sehr gut strukturiertes Büro</li>
<li>sehr gute ÖPNV-Anbindungen</li>
<li>interessantes und abwechslungsreiches Aufgabengebiet</li>
<li>fachliche Weiterbildung nach Interesse und Wunsch</li>
<li>attraktive Vergütung mit Nebenleistungen</li>
<li>Kindergartenzuschuss steuerfrei, bis zu 150 €/Kind</li>
<li>direkter Einfluss auf die kontinuierliche Verbesserung der Kanzleiabläufe</li>
</ul>
<p>&nbsp;[/vc_column_text][/vc_column][/vc_row][vc_row css_animation=&#8221;&#8221; row_type=&#8221;row&#8221; use_row_as_full_screen_section=&#8221;no&#8221; type=&#8221;full_width&#8221; angled_section=&#8221;no&#8221; text_align=&#8221;left&#8221; background_image_as_pattern=&#8221;without_pattern&#8221;][vc_column]<div class="templatera_shortcode"><div      class="vc_row wpb_row section vc_row-fluid " style='background-color:#002458; padding-top:60px; padding-bottom:60px; text-align:center;'><div class=" full_section_inner clearfix"><div class="wpb_column vc_column_container vc_col-sm-12 vc_col-lg-offset-3 vc_col-lg-6 vc_col-md-offset-3 vc_col-md-6"><div class="vc_column-inner"><div class="wpb_wrapper">
	<div class="wpb_text_column wpb_content_element ">
		<div class="wpb_wrapper">
			<h3><span style="color: #ffffff;">Bewerbung</span></h3>

		</div>
	</div><div class="vc_empty_space"  style="height: 20px" >
	<span class="vc_empty_space_inner">
		<span class="empty_space_image"  ></span>
	</span>
</div>
	<div class="wpb_text_column wpb_content_element ">
		<div class="wpb_wrapper">
			<p><span style="color: #ffffff;">Werden Sie Mitglied unseres erfolgreichen Teams!</span></p>

		</div>
	</div><div class="vc_empty_space"  style="height: 60px" >
	<span class="vc_empty_space_inner">
		<span class="empty_space_image"  ></span>
	</span>
</div><a  itemprop="url" href="mailto:karriere@ts-law.de" target="_self"  class="qbutton  white default" style="">Jetzt bewerben</a></div></div></div></div></div></div>[/vc_column][/vc_row]</p>
</div>

Recruitment &nbsp; ReNo-Fachangestellte (m/w/d) &nbsp; Share: Teil- oder Vollzeittätigkeit &nbsp; Für unseren attraktiven Standort in Berlin-Mitte suchen wir Das wollen Sie &nbsp; aktive Unterstützung der Rechtsanwälte Erstellen von Schriftsätzen selbstständig und nach Diktat Korrespondenz mit Mandanten und Gerichten Erstellen von Abrechnungen nach Stundensatz und RVG...
